{"id":297,"date":"2024-11-16T14:28:19","date_gmt":"2024-11-16T14:28:19","guid":{"rendered":"https:\/?page_id=297"},"modified":"2024-11-16T14:28:19","modified_gmt":"2024-11-16T14:28:19","slug":"formy-platnosci","status":"publish","type":"page","link":"https:\/\/moonce.pl\/index.php\/formy-platnosci\/","title":{"rendered":"Formy P\u0142atno\u015bci"},"content":{"rendered":"\n<p>W sklepie internetowym grosza.pl oferujemy r\u00f3\u017cnorodne metody p\u0142atno\u015bci, aby zapewni\u0107 wygod\u0119 i bezpiecze\u0144stwo naszym klientom. Dost\u0119pne opcje to:<\/p>\n\n\n\n<ol class=\"wp-block-list\">\n<li><strong>Przelew bankowy<\/strong><br>Klient mo\u017ce dokona\u0107 tradycyjnego przelewu bankowego na nasz rachunek. W tytule przelewu nale\u017cy wpisa\u0107 numer zam\u00f3wienia, aby u\u0142atwi\u0107 jego identyfikacj\u0119. Realizacja zam\u00f3wienia nast\u0105pi po zaksi\u0119gowaniu \u015brodk\u00f3w na naszym koncie.<\/li>\n\n\n\n<li><strong>P\u0142atno\u015b\u0107 online (szybkie p\u0142atno\u015bci)<\/strong><br>Wsp\u00f3\u0142pracujemy z systemami p\u0142atno\u015bci online (np. PayU, Przelewy24, Blik), dzi\u0119ki kt\u00f3rym p\u0142atno\u015bci s\u0105 natychmiastowo ksi\u0119gowane, co przyspiesza realizacj\u0119 zam\u00f3wienia.<\/li>\n\n\n\n<li><strong>P\u0142atno\u015b\u0107 kart\u0105<\/strong><br>Akceptujemy p\u0142atno\u015bci kartami kredytowymi i debetowymi (Visa, MasterCard). Transakcje kart\u0105 s\u0105 realizowane za po\u015brednictwem bezpiecznego systemu p\u0142atno\u015bci online.<\/li>\n\n\n\n<li><strong>P\u0142atno\u015b\u0107 przy odbiorze (za pobraniem)<\/strong><br>Klient ma mo\u017cliwo\u015b\u0107 zap\u0142aty za zam\u00f3wienie got\u00f3wk\u0105 lub kart\u0105 przy odbiorze przesy\u0142ki. Ta opcja jest dost\u0119pna przy wyborze przesy\u0142ki kurierskiej.<\/li>\n\n\n\n<li><strong>P\u0142atno\u015bci mobilne (Blik)<\/strong><br>Dla wygody klient\u00f3w udost\u0119pniamy tak\u017ce p\u0142atno\u015b\u0107 Blik, kt\u00f3ra umo\u017cliwia szybkie i bezpieczne dokonanie p\u0142atno\u015bci bez konieczno\u015bci podawania danych karty.<\/li>\n<\/ol>\n","protected":false},"excerpt":{"rendered":"<p>W sklepie internetowym grosza.pl oferujemy r\u00f3\u017cnorodne metody p\u0142atno\u015bci, aby zapewni\u0107 wygod\u0119 i bezpiecze\u0144stwo naszym klientom. Dost\u0119pne opcje to:<\/p>\n","protected":false},"author":1,"featured_media":0,"parent":0,"menu_order":0,"comment_status":"closed","ping_status":"closed","template":"","meta":{"_kad_post_transparent":"","_kad_post_title":"","_kad_post_layout":"","_kad_post_sidebar_id":"","_kad_post_content_style":"","_kad_post_vertical_padding":"","_kad_post_feature":"","_kad_post_feature_position":"","_kad_post_header":false,"_kad_post_footer":false,"footnotes":""},"class_list":["post-297","page","type-page","status-publish","hentry"],"_links":{"self":[{"href":"https:\/\/moonce.pl\/index.php\/wp-json\/wp\/v2\/pages\/297","targetHints":{"allow":["GET"]}}],"collection":[{"href":"https:\/\/moonce.pl\/index.php\/wp-json\/wp\/v2\/pages"}],"about":[{"href":"https:\/\/moonce.pl\/index.php\/wp-json\/wp\/v2\/types\/page"}],"author":[{"embeddable":true,"href":"https:\/\/moonce.pl\/index.php\/wp-json\/wp\/v2\/users\/1"}],"replies":[{"embeddable":true,"href":"https:\/\/moonce.pl\/index.php\/wp-json\/wp\/v2\/comments?post=297"}],"version-history":[{"count":1,"href":"https:\/\/moonce.pl\/index.php\/wp-json\/wp\/v2\/pages\/297\/revisions"}],"predecessor-version":[{"id":298,"href":"https:\/\/moonce.pl\/index.php\/wp-json\/wp\/v2\/pages\/297\/revisions\/298"}],"wp:attachment":[{"href":"https:\/\/moonce.pl\/index.php\/wp-json\/wp\/v2\/media?parent=297"}],"curies":[{"name":"wp","href":"https:\/\/api.w.org\/{rel}","templated":true}]}}