{"id":2629,"date":"2026-04-22T08:41:14","date_gmt":"2026-04-22T08:41:14","guid":{"rendered":"https:\/\/moonce.pl\/?post_type=product&#038;p=2629"},"modified":"2026-04-22T08:56:50","modified_gmt":"2026-04-22T08:56:50","slug":"koszula-nocna-z-modal-vera-8603","status":"publish","type":"product","link":"https:\/\/moonce.pl\/index.php\/produkt\/koszula-nocna-z-modal-vera-8603\/","title":{"rendered":"Koszula Nocna z Modal \u2013 VERA-8603"},"content":{"rendered":"<p>\u2714 Sk\u0142ad: 70% Modal, 25% Poliester, 5% Lycra<br \/>\n\u2714 Wz\u00f3r: Jednolity, g\u0142adki materia\u0142 w kolorze ciemnogranatowym (Dark Blue)<br \/>\n\u2714 Fason: Komfortowa koszula nocna \/ sukienka domowa o swobodnym kroju<br \/>\n\u2714 Wyko\u0144czenie: Klasyczny okr\u0105g\u0142y dekolt, kr\u00f3tki r\u0119kaw typu reglan, g\u0142adkie wyko\u0144czenie bez dodatkowych zdobie\u0144 dla maksymalnej wygody<br \/>\n\u2714 Rozmiary: 2XL, 3XL, 4XL<br \/>\n\u2714 Kraj produkcji: Turcja<br \/>\n\u2714 Numer modelu: VERA-8603<\/p>\n","protected":false},"excerpt":{"rendered":"<p>\u2714 Sk\u0142ad: 70% Modal, 25% Poliester, 5% Lycra \u2714 Wz\u00f3r: Jednolity, g\u0142adki materia\u0142 w kolorze ciemnogranatowym (Dark Blue) \u2714 Fason: Komfortowa koszula nocna \/ sukienka domowa o swobodnym kroju \u2714 Wyko\u0144czenie: Klasyczny okr\u0105g\u0142y dekolt, kr\u00f3tki r\u0119kaw typu reglan, g\u0142adkie wyko\u0144czenie bez dodatkowych zdobie\u0144 dla maksymalnej wygody \u2714 Rozmiary: 2XL, 3XL, 4XL \u2714 Kraj produkcji: Turcja&#8230;<\/p>\n","protected":false},"featured_media":2630,"comment_status":"open","ping_status":"closed","template":"","meta":{"_kad_post_transparent":"default","_kad_post_title":"","_kad_post_layout":"default","_kad_post_sidebar_id":"","_kad_post_content_style":"default","_kad_post_vertical_padding":"default","_kad_post_feature":"","_kad_post_feature_position":"","_kad_post_header":false,"_kad_post_footer":false,"_kad_post_classname":""},"product_brand":[],"product_cat":[28],"product_tag":[],"class_list":{"0":"post-2629","1":"product","2":"type-product","3":"status-publish","4":"has-post-thumbnail","6":"product_cat-koszule-nocne-z-wiskozy","8":"first","9":"instock","10":"taxable","11":"shipping-taxable","12":"purchasable","13":"product-type-simple","14":"entry","15":"content-bg","16":"loop-entry"},"_links":{"self":[{"href":"https:\/\/moonce.pl\/index.php\/wp-json\/wp\/v2\/product\/2629","targetHints":{"allow":["GET"]}}],"collection":[{"href":"https:\/\/moonce.pl\/index.php\/wp-json\/wp\/v2\/product"}],"about":[{"href":"https:\/\/moonce.pl\/index.php\/wp-json\/wp\/v2\/types\/product"}],"replies":[{"embeddable":true,"href":"https:\/\/moonce.pl\/index.php\/wp-json\/wp\/v2\/comments?post=2629"}],"wp:featuredmedia":[{"embeddable":true,"href":"https:\/\/moonce.pl\/index.php\/wp-json\/wp\/v2\/media\/2630"}],"wp:attachment":[{"href":"https:\/\/moonce.pl\/index.php\/wp-json\/wp\/v2\/media?parent=2629"}],"wp:term":[{"taxonomy":"product_brand","embeddable":true,"href":"https:\/\/moonce.pl\/index.php\/wp-json\/wp\/v2\/product_brand?post=2629"},{"taxonomy":"product_cat","embeddable":true,"href":"https:\/\/moonce.pl\/index.php\/wp-json\/wp\/v2\/product_cat?post=2629"},{"taxonomy":"product_tag","embeddable":true,"href":"https:\/\/moonce.pl\/index.php\/wp-json\/wp\/v2\/product_tag?post=2629"}],"curies":[{"name":"wp","href":"https:\/\/api.w.org\/{rel}","templated":true}]}}