{"id":2643,"date":"2026-04-22T09:27:45","date_gmt":"2026-04-22T09:27:45","guid":{"rendered":"https:\/\/moonce.pl\/?post_type=product&#038;p=2643"},"modified":"2026-04-22T09:29:05","modified_gmt":"2026-04-22T09:29:05","slug":"pizama-damska-z-wiskozy-d-9413","status":"publish","type":"product","link":"https:\/\/moonce.pl\/index.php\/produkt\/pizama-damska-z-wiskozy-d-9413\/","title":{"rendered":"Pi\u017cama damska z wiskozy \u2013 D-9413"},"content":{"rendered":"<p>\u2714 Sk\u0142ad: G\u00f3ra: 95% Wiskoza, 5% Lycra; D\u00f3\u0142: 100% Wiskoza<br \/>\n\u2714 Wz\u00f3r: Dwucz\u0119\u015bciowy komplet \u2013 g\u0142adka czarna g\u00f3ra oraz spodenki w du\u017cy, czarno-be\u017cowy motyw kwiatowy<br \/>\n\u2714 Fason: Komfortowa pi\u017cama damska \/ komplet domowy (lu\u017ana koszulka z kr\u00f3tkim r\u0119kawem + szorty)<br \/>\n\u2714 Wyko\u0144czenie: Dekolt w serek wyko\u0144czony na surowo\/lam\u00f3wk\u0105, lu\u017any kr\u00f3j typu oversize, spodenki z kieszeniami i wygodn\u0105 gumk\u0105 w pasie<br \/>\n\u2714 Rozmiary: 2XL, 3XL, 4XL<br \/>\n\u2714 Kraj produkcji: Turcja<br \/>\n\u2714 Numer modelu: D-9413<\/p>\n","protected":false},"excerpt":{"rendered":"<p>\u2714 Sk\u0142ad: G\u00f3ra: 95% Wiskoza, 5% Lycra; D\u00f3\u0142: 100% Wiskoza \u2714 Wz\u00f3r: Dwucz\u0119\u015bciowy komplet \u2013 g\u0142adka czarna g\u00f3ra oraz spodenki w du\u017cy, czarno-be\u017cowy motyw kwiatowy \u2714 Fason: Komfortowa pi\u017cama damska \/ komplet domowy (lu\u017ana koszulka z kr\u00f3tkim r\u0119kawem + szorty) \u2714 Wyko\u0144czenie: Dekolt w serek wyko\u0144czony na surowo\/lam\u00f3wk\u0105, lu\u017any kr\u00f3j typu oversize, spodenki z kieszeniami&#8230;<\/p>\n","protected":false},"featured_media":2644,"comment_status":"open","ping_status":"closed","template":"","meta":{"_kad_post_transparent":"default","_kad_post_title":"","_kad_post_layout":"default","_kad_post_sidebar_id":"","_kad_post_content_style":"default","_kad_post_vertical_padding":"default","_kad_post_feature":"","_kad_post_feature_position":"","_kad_post_header":false,"_kad_post_footer":false,"_kad_post_classname":""},"product_brand":[],"product_cat":[20],"product_tag":[],"class_list":{"0":"post-2643","1":"product","2":"type-product","3":"status-publish","4":"has-post-thumbnail","6":"product_cat-pizamy-damskie-spodnie-3-4","8":"first","9":"instock","10":"taxable","11":"shipping-taxable","12":"purchasable","13":"product-type-simple","14":"entry","15":"content-bg","16":"loop-entry"},"_links":{"self":[{"href":"https:\/\/moonce.pl\/index.php\/wp-json\/wp\/v2\/product\/2643","targetHints":{"allow":["GET"]}}],"collection":[{"href":"https:\/\/moonce.pl\/index.php\/wp-json\/wp\/v2\/product"}],"about":[{"href":"https:\/\/moonce.pl\/index.php\/wp-json\/wp\/v2\/types\/product"}],"replies":[{"embeddable":true,"href":"https:\/\/moonce.pl\/index.php\/wp-json\/wp\/v2\/comments?post=2643"}],"wp:featuredmedia":[{"embeddable":true,"href":"https:\/\/moonce.pl\/index.php\/wp-json\/wp\/v2\/media\/2644"}],"wp:attachment":[{"href":"https:\/\/moonce.pl\/index.php\/wp-json\/wp\/v2\/media?parent=2643"}],"wp:term":[{"taxonomy":"product_brand","embeddable":true,"href":"https:\/\/moonce.pl\/index.php\/wp-json\/wp\/v2\/product_brand?post=2643"},{"taxonomy":"product_cat","embeddable":true,"href":"https:\/\/moonce.pl\/index.php\/wp-json\/wp\/v2\/product_cat?post=2643"},{"taxonomy":"product_tag","embeddable":true,"href":"https:\/\/moonce.pl\/index.php\/wp-json\/wp\/v2\/product_tag?post=2643"}],"curies":[{"name":"wp","href":"https:\/\/api.w.org\/{rel}","templated":true}]}}