{"id":2653,"date":"2026-04-22T09:37:37","date_gmt":"2026-04-22T09:37:37","guid":{"rendered":"https:\/\/moonce.pl\/?post_type=product&#038;p=2653"},"modified":"2026-04-22T09:38:44","modified_gmt":"2026-04-22T09:38:44","slug":"pizama-damska-z-polyamide-c-8853","status":"publish","type":"product","link":"https:\/\/moonce.pl\/index.php\/produkt\/pizama-damska-z-polyamide-c-8853\/","title":{"rendered":"Pi\u017cama damska z Polyamide \u2013 C-8853"},"content":{"rendered":"<p>\u2714 Sk\u0142ad: 83% Poliamid, 17% Elastan<br \/>\n\u2714 Wz\u00f3r: Jednolity, g\u0142adki materia\u0142 z satynowym po\u0142yskiem w kolorze czarnym (Black)<br \/>\n\u2714 Fason: Dwucz\u0119\u015bciowy komplet (top na rami\u0105czkach + kr\u00f3tkie spodenki)<br \/>\n\u2714 Wyko\u0144czenie: Prosty dekolt zdobiony koronkow\u0105 gipiur\u0105, d\u00f3\u0142 topu r\u00f3wnie\u017c wyko\u0144czony szerokim pasem koronki, spodenki o prostym kroju<br \/>\n\u2714 Rozmiary: M, L, XL, 2XL<br \/>\n\u2714 Kraj produkcji: Turcja<br \/>\n\u2714 Numer modelu: C-8853<\/p>\n","protected":false},"excerpt":{"rendered":"<p>\u2714 Sk\u0142ad: 83% Poliamid, 17% Elastan \u2714 Wz\u00f3r: Jednolity, g\u0142adki materia\u0142 z satynowym po\u0142yskiem w kolorze czarnym (Black) \u2714 Fason: Dwucz\u0119\u015bciowy komplet (top na rami\u0105czkach + kr\u00f3tkie spodenki) \u2714 Wyko\u0144czenie: Prosty dekolt zdobiony koronkow\u0105 gipiur\u0105, d\u00f3\u0142 topu r\u00f3wnie\u017c wyko\u0144czony szerokim pasem koronki, spodenki o prostym kroju \u2714 Rozmiary: M, L, XL, 2XL \u2714 Kraj produkcji:&#8230;<\/p>\n","protected":false},"featured_media":2654,"comment_status":"open","ping_status":"closed","template":"","meta":{"_kad_post_transparent":"default","_kad_post_title":"","_kad_post_layout":"default","_kad_post_sidebar_id":"","_kad_post_content_style":"default","_kad_post_vertical_padding":"default","_kad_post_feature":"","_kad_post_feature_position":"","_kad_post_header":false,"_kad_post_footer":false,"_kad_post_classname":""},"product_brand":[],"product_cat":[20],"product_tag":[],"class_list":{"0":"post-2653","1":"product","2":"type-product","3":"status-publish","4":"has-post-thumbnail","6":"product_cat-pizamy-damskie-spodnie-3-4","8":"first","9":"instock","10":"taxable","11":"shipping-taxable","12":"purchasable","13":"product-type-simple","14":"entry","15":"content-bg","16":"loop-entry"},"_links":{"self":[{"href":"https:\/\/moonce.pl\/index.php\/wp-json\/wp\/v2\/product\/2653","targetHints":{"allow":["GET"]}}],"collection":[{"href":"https:\/\/moonce.pl\/index.php\/wp-json\/wp\/v2\/product"}],"about":[{"href":"https:\/\/moonce.pl\/index.php\/wp-json\/wp\/v2\/types\/product"}],"replies":[{"embeddable":true,"href":"https:\/\/moonce.pl\/index.php\/wp-json\/wp\/v2\/comments?post=2653"}],"wp:featuredmedia":[{"embeddable":true,"href":"https:\/\/moonce.pl\/index.php\/wp-json\/wp\/v2\/media\/2654"}],"wp:attachment":[{"href":"https:\/\/moonce.pl\/index.php\/wp-json\/wp\/v2\/media?parent=2653"}],"wp:term":[{"taxonomy":"product_brand","embeddable":true,"href":"https:\/\/moonce.pl\/index.php\/wp-json\/wp\/v2\/product_brand?post=2653"},{"taxonomy":"product_cat","embeddable":true,"href":"https:\/\/moonce.pl\/index.php\/wp-json\/wp\/v2\/product_cat?post=2653"},{"taxonomy":"product_tag","embeddable":true,"href":"https:\/\/moonce.pl\/index.php\/wp-json\/wp\/v2\/product_tag?post=2653"}],"curies":[{"name":"wp","href":"https:\/\/api.w.org\/{rel}","templated":true}]}}